{"id":207,"date":"2016-10-12T18:04:37","date_gmt":"2016-10-12T18:04:37","guid":{"rendered":"http:\/\/demo.mekshq.com\/voice\/?page_id=207"},"modified":"2023-02-01T13:12:21","modified_gmt":"2023-02-01T12:12:21","slug":"home","status":"publish","type":"page","link":"https:\/\/magazin.ikk-suedwest.de\/februar-2023\/","title":{"rendered":"IKK Online-Magazin"},"content":{"rendered":"\n<h2 class=\"wp-block-heading has-text-color\" id=\"ausgabe-september-2022\" style=\"color:#009fe3\">Ausgabe Februar 2023<\/h2>\n\n\n\n<div class=\"wp-block-columns is-layout-flex wp-container-core-columns-is-layout-8f761849 wp-block-columns-is-layout-flex\">\n<div class=\"wp-block-column is-layout-flow wp-block-column-is-layout-flow\" style=\"flex-basis:33.33%\">\n<figure class=\"wp-block-image size-full\"><img loading=\"lazy\" decoding=\"async\" width=\"886\" height=\"870\" src=\"https:\/\/magazin.ikk-suedwest.de\/februar-2023\/wp-content\/uploads\/sites\/9\/2021\/08\/ikk_vorstand_editorial_magazine_886x870.jpg\" alt=\"\" class=\"wp-image-4457\" srcset=\"https:\/\/magazin.ikk-suedwest.de\/februar-2023\/wp-content\/uploads\/sites\/9\/2021\/08\/ikk_vorstand_editorial_magazine_886x870.jpg 886w, https:\/\/magazin.ikk-suedwest.de\/februar-2023\/wp-content\/uploads\/sites\/9\/2021\/08\/ikk_vorstand_editorial_magazine_886x870-300x295.jpg 300w, https:\/\/magazin.ikk-suedwest.de\/februar-2023\/wp-content\/uploads\/sites\/9\/2021\/08\/ikk_vorstand_editorial_magazine_886x870-768x754.jpg 768w, https:\/\/magazin.ikk-suedwest.de\/februar-2023\/wp-content\/uploads\/sites\/9\/2021\/08\/ikk_vorstand_editorial_magazine_886x870-370x363.jpg 370w, https:\/\/magazin.ikk-suedwest.de\/februar-2023\/wp-content\/uploads\/sites\/9\/2021\/08\/ikk_vorstand_editorial_magazine_886x870-270x265.jpg 270w, https:\/\/magazin.ikk-suedwest.de\/februar-2023\/wp-content\/uploads\/sites\/9\/2021\/08\/ikk_vorstand_editorial_magazine_886x870-570x560.jpg 570w, https:\/\/magazin.ikk-suedwest.de\/februar-2023\/wp-content\/uploads\/sites\/9\/2021\/08\/ikk_vorstand_editorial_magazine_886x870-509x500.jpg 509w, https:\/\/magazin.ikk-suedwest.de\/februar-2023\/wp-content\/uploads\/sites\/9\/2021\/08\/ikk_vorstand_editorial_magazine_886x870-740x727.jpg 740w\" sizes=\"auto, (max-width: 886px) 100vw, 886px\" \/><\/figure>\n<\/div>\n\n\n\n<div class=\"wp-block-column is-layout-flow wp-block-column-is-layout-flow\" style=\"flex-basis:66.66%\">\n<p class=\"wp-block-paragraph\">Liebe Leserinnen und Leser, <\/p>\n\n\n\n<p class=\"wp-block-paragraph\">in den vergangenen Monaten waren sie immer wieder Thema in der Presse, manche von Ihnen waren vielleicht sogar selbst betroffen \u2013 es geht um die Lieferengp\u00e4sse bei bestimmten Medikamenten. Fu\u0308r uns als Krankenkasse hat die verl\u00e4ssliche Versorgung unserer Versicherten h\u00f6chste Bedeutung, weshalb wir von der Bundesregierung entschiedenes Handeln fordern. Unsere Verwaltungsratsvorsitzenden Ralf Reinst\u00e4dtler und Rainer Lunk <a href=\"https:\/\/magazin.ikk-suedwest.de\/februar-2023\/arzneimittelversorgung-langfristig-denken\/\" target=\"_blank\" rel=\"noreferrer noopener\"><mark style=\"background-color:rgba(0, 0, 0, 0)\" class=\"has-inline-color has-gridlove-acc-color\"><em>erkl\u00e4ren<\/em><\/mark><\/a>, was getan werden muss, um solche Situationen in Zukunft zu vermeiden.<br><br>Wie immer finden Sie auch in dieser Ausgabe Ihrer <em>fu\u0308r mich<\/em> viele weitere interessante und lesenswerte Beitr\u00e4ge. Besonders stolz sind wir darauf, dass wir Philipp Lahm, den Kapit\u00e4n der Weltmeistermannschaft von 2014, fu\u0308r ein Interview gewinnen konnten. Mittlerweile Familienmensch und Unternehmer, spricht er nicht nur u\u0308ber Pr\u00e4vention und welche Bedeutung Motivation dabei hat, sondern gibt auch zehn einfache Tipps f\u00fcr ein ges\u00fcnderes Leben in diesem <a href=\"https:\/\/magazin.ikk-suedwest.de\/februar-2023\/aktiv-durchs-leben-gehen-und-die-lust-auf-gesundheit-wecken\/\" target=\"_blank\" rel=\"noreferrer noopener\"><mark style=\"background-color:rgba(0, 0, 0, 0)\" class=\"has-inline-color has-gridlove-acc-color\"><em>Artikel<\/em><\/mark><\/a>.<br><br>Nicht nur fu\u0308r Philipp Lahm spielt die Familie inzwischen die wichtigste Rolle im Leben. Auch fu\u0308r uns als Krankenversicherer ist das Thema \u201eFamilie\u201c eine Herzensangelegenheit. Wir m\u00f6chten fu\u0308r Sie und Ihre Lieben da sein \u2013 insbesondere in der Zeit der Familienplanung und nach der Geburt wollen wir Sie bestm\u00f6glich unterstu\u0308tzen. Erfahren Sie mehr \u00fcber unser <a href=\"https:\/\/magazin.ikk-suedwest.de\/februar-2023\/von-herzen-unser-wohlfuehl-leistungsplus-fuer-familien\/\" target=\"_blank\" rel=\"noreferrer noopener\"><mark style=\"background-color:rgba(0, 0, 0, 0)\" class=\"has-inline-color has-gridlove-acc-color\"><em>gro\u00dfes Wohlf\u00fchl-Leistungsplus f\u00fcr Familien<\/em><\/mark><\/a>.<br><br>Und nun viel Spa\u00df mit der aktuellen Ausgabe.<\/p>\n\n\n\n<p class=\"wp-block-paragraph\">Herzlichst,<br>Prof. Dr. J\u00f6rg Loth und Daniel Schilling<\/p>\n<\/div>\n<\/div>\n","protected":false},"excerpt":{"rendered":"<p>Ausgabe Februar 2023 Liebe Leserinnen und Leser, in den vergangenen Monaten waren sie immer wieder Thema in der Presse, manche von Ihnen waren vielleicht sogar selbst betroffen \u2013 es geht um die Lieferengp\u00e4sse bei bestimmten Medikamenten. Fu\u0308r uns als Krankenkasse hat die verl\u00e4ssliche Versorgung unserer Versicherten h\u00f6chste Bedeutung, weshalb wir von der Bundesregierung entschiedenes Handeln [&hellip;]<\/p>\n","protected":false},"author":1,"featured_media":0,"parent":0,"menu_order":0,"comment_status":"open","ping_status":"open","template":"template-modules.php","meta":{"_acf_changed":false,"_crdt_document":"","favoriteCount":0,"footnotes":""},"class_list":["post-207","page","type-page","status-publish","hentry"],"acf":[],"yoast_head":"<!-- This site is optimized with the Yoast SEO plugin v27.4 - https:\/\/yoast.com\/product\/yoast-seo-wordpress\/ -->\n<title>IKK Online-Magazin - Februar 2023<\/title>\n<meta name=\"robots\" content=\"noindex, follow, max-snippet:-1, max-image-preview:large, max-video-preview:-1\" \/>\n<meta property=\"og:locale\" content=\"de_DE\" \/>\n<meta property=\"og:type\" content=\"article\" \/>\n<meta property=\"og:title\" content=\"IKK Online-Magazin - Februar 2023\" \/>\n<meta property=\"og:description\" content=\"Ausgabe Februar 2023 Liebe Leserinnen und Leser, in den vergangenen Monaten waren sie immer wieder Thema in der Presse, manche von Ihnen waren vielleicht sogar selbst betroffen \u2013 es geht um die Lieferengp\u00e4sse bei bestimmten Medikamenten. Fu\u0308r uns als Krankenkasse hat die verl\u00e4ssliche Versorgung unserer Versicherten h\u00f6chste Bedeutung, weshalb wir von der Bundesregierung entschiedenes Handeln [&hellip;]\" \/>\n<meta property=\"og:url\" content=\"https:\/\/magazin.ikk-suedwest.de\/februar-2023\/\" \/>\n<meta property=\"og:site_name\" content=\"Februar 2023\" \/>\n<meta property=\"article:modified_time\" content=\"2023-02-01T12:12:21+00:00\" \/>\n<meta property=\"og:image\" content=\"https:\/\/magazin.ikk-suedwest.de\/februar-2023\/wp-content\/uploads\/sites\/9\/2021\/08\/ikk_vorstand_editorial_magazine_886x870.jpg\" \/>\n<meta name=\"twitter:card\" content=\"summary_large_image\" \/>\n<meta name=\"twitter:label1\" content=\"Gesch\u00e4tzte Lesezeit\" \/>\n\t<meta name=\"twitter:data1\" content=\"2\u00a0Minuten\" \/>\n<script type=\"application\/ld+json\" class=\"yoast-schema-graph\">{\"@context\":\"https:\\\/\\\/schema.org\",\"@graph\":[{\"@type\":\"WebPage\",\"@id\":\"https:\\\/\\\/magazin.ikk-suedwest.de\\\/februar-2023\\\/\",\"url\":\"https:\\\/\\\/magazin.ikk-suedwest.de\\\/februar-2023\\\/\",\"name\":\"IKK Online-Magazin - Februar 2023\",\"isPartOf\":{\"@id\":\"https:\\\/\\\/magazin.ikk-suedwest.de\\\/februar-2023\\\/#website\"},\"primaryImageOfPage\":{\"@id\":\"https:\\\/\\\/magazin.ikk-suedwest.de\\\/februar-2023\\\/#primaryimage\"},\"image\":{\"@id\":\"https:\\\/\\\/magazin.ikk-suedwest.de\\\/februar-2023\\\/#primaryimage\"},\"thumbnailUrl\":\"https:\\\/\\\/magazin.ikk-suedwest.de\\\/februar-2023\\\/wp-content\\\/uploads\\\/sites\\\/9\\\/2021\\\/08\\\/ikk_vorstand_editorial_magazine_886x870.jpg\",\"datePublished\":\"2016-10-12T18:04:37+00:00\",\"dateModified\":\"2023-02-01T12:12:21+00:00\",\"breadcrumb\":{\"@id\":\"https:\\\/\\\/magazin.ikk-suedwest.de\\\/februar-2023\\\/#breadcrumb\"},\"inLanguage\":\"de\",\"potentialAction\":[{\"@type\":\"ReadAction\",\"target\":[\"https:\\\/\\\/magazin.ikk-suedwest.de\\\/februar-2023\\\/\"]}]},{\"@type\":\"ImageObject\",\"inLanguage\":\"de\",\"@id\":\"https:\\\/\\\/magazin.ikk-suedwest.de\\\/februar-2023\\\/#primaryimage\",\"url\":\"https:\\\/\\\/magazin.ikk-suedwest.de\\\/februar-2023\\\/wp-content\\\/uploads\\\/sites\\\/9\\\/2021\\\/08\\\/ikk_vorstand_editorial_magazine_886x870.jpg\",\"contentUrl\":\"https:\\\/\\\/magazin.ikk-suedwest.de\\\/februar-2023\\\/wp-content\\\/uploads\\\/sites\\\/9\\\/2021\\\/08\\\/ikk_vorstand_editorial_magazine_886x870.jpg\",\"width\":886,\"height\":870},{\"@type\":\"BreadcrumbList\",\"@id\":\"https:\\\/\\\/magazin.ikk-suedwest.de\\\/februar-2023\\\/#breadcrumb\",\"itemListElement\":[{\"@type\":\"ListItem\",\"position\":1,\"name\":\"Startseite\",\"item\":\"https:\\\/\\\/magazin.ikk-suedwest.de\\\/februar-2023\\\/\"},{\"@type\":\"ListItem\",\"position\":2,\"name\":\"IKK Online-Magazin\"}]},{\"@type\":\"WebSite\",\"@id\":\"https:\\\/\\\/magazin.ikk-suedwest.de\\\/februar-2023\\\/#website\",\"url\":\"https:\\\/\\\/magazin.ikk-suedwest.de\\\/februar-2023\\\/\",\"name\":\"Februar 2023\",\"description\":\"Eine weitere IKK Magazin Ausgaben Website\",\"potentialAction\":[{\"@type\":\"SearchAction\",\"target\":{\"@type\":\"EntryPoint\",\"urlTemplate\":\"https:\\\/\\\/magazin.ikk-suedwest.de\\\/februar-2023\\\/?s={search_term_string}\"},\"query-input\":{\"@type\":\"PropertyValueSpecification\",\"valueRequired\":true,\"valueName\":\"search_term_string\"}}],\"inLanguage\":\"de\"}]}<\/script>\n<!-- \/ Yoast SEO plugin. -->","yoast_head_json":{"title":"IKK Online-Magazin - Februar 2023","robots":{"index":"noindex","follow":"follow","max-snippet":"max-snippet:-1","max-image-preview":"max-image-preview:large","max-video-preview":"max-video-preview:-1"},"og_locale":"de_DE","og_type":"article","og_title":"IKK Online-Magazin - Februar 2023","og_description":"Ausgabe Februar 2023 Liebe Leserinnen und Leser, in den vergangenen Monaten waren sie immer wieder Thema in der Presse, manche von Ihnen waren vielleicht sogar selbst betroffen \u2013 es geht um die Lieferengp\u00e4sse bei bestimmten Medikamenten. Fu\u0308r uns als Krankenkasse hat die verl\u00e4ssliche Versorgung unserer Versicherten h\u00f6chste Bedeutung, weshalb wir von der Bundesregierung entschiedenes Handeln [&hellip;]","og_url":"https:\/\/magazin.ikk-suedwest.de\/februar-2023\/","og_site_name":"Februar 2023","article_modified_time":"2023-02-01T12:12:21+00:00","og_image":[{"url":"https:\/\/magazin.ikk-suedwest.de\/februar-2023\/wp-content\/uploads\/sites\/9\/2021\/08\/ikk_vorstand_editorial_magazine_886x870.jpg","type":"","width":"","height":""}],"twitter_card":"summary_large_image","twitter_misc":{"Gesch\u00e4tzte Lesezeit":"2\u00a0Minuten"},"schema":{"@context":"https:\/\/schema.org","@graph":[{"@type":"WebPage","@id":"https:\/\/magazin.ikk-suedwest.de\/februar-2023\/","url":"https:\/\/magazin.ikk-suedwest.de\/februar-2023\/","name":"IKK Online-Magazin - Februar 2023","isPartOf":{"@id":"https:\/\/magazin.ikk-suedwest.de\/februar-2023\/#website"},"primaryImageOfPage":{"@id":"https:\/\/magazin.ikk-suedwest.de\/februar-2023\/#primaryimage"},"image":{"@id":"https:\/\/magazin.ikk-suedwest.de\/februar-2023\/#primaryimage"},"thumbnailUrl":"https:\/\/magazin.ikk-suedwest.de\/februar-2023\/wp-content\/uploads\/sites\/9\/2021\/08\/ikk_vorstand_editorial_magazine_886x870.jpg","datePublished":"2016-10-12T18:04:37+00:00","dateModified":"2023-02-01T12:12:21+00:00","breadcrumb":{"@id":"https:\/\/magazin.ikk-suedwest.de\/februar-2023\/#breadcrumb"},"inLanguage":"de","potentialAction":[{"@type":"ReadAction","target":["https:\/\/magazin.ikk-suedwest.de\/februar-2023\/"]}]},{"@type":"ImageObject","inLanguage":"de","@id":"https:\/\/magazin.ikk-suedwest.de\/februar-2023\/#primaryimage","url":"https:\/\/magazin.ikk-suedwest.de\/februar-2023\/wp-content\/uploads\/sites\/9\/2021\/08\/ikk_vorstand_editorial_magazine_886x870.jpg","contentUrl":"https:\/\/magazin.ikk-suedwest.de\/februar-2023\/wp-content\/uploads\/sites\/9\/2021\/08\/ikk_vorstand_editorial_magazine_886x870.jpg","width":886,"height":870},{"@type":"BreadcrumbList","@id":"https:\/\/magazin.ikk-suedwest.de\/februar-2023\/#breadcrumb","itemListElement":[{"@type":"ListItem","position":1,"name":"Startseite","item":"https:\/\/magazin.ikk-suedwest.de\/februar-2023\/"},{"@type":"ListItem","position":2,"name":"IKK Online-Magazin"}]},{"@type":"WebSite","@id":"https:\/\/magazin.ikk-suedwest.de\/februar-2023\/#website","url":"https:\/\/magazin.ikk-suedwest.de\/februar-2023\/","name":"Februar 2023","description":"Eine weitere IKK Magazin Ausgaben Website","potentialAction":[{"@type":"SearchAction","target":{"@type":"EntryPoint","urlTemplate":"https:\/\/magazin.ikk-suedwest.de\/februar-2023\/?s={search_term_string}"},"query-input":{"@type":"PropertyValueSpecification","valueRequired":true,"valueName":"search_term_string"}}],"inLanguage":"de"}]}},"_links":{"self":[{"href":"https:\/\/magazin.ikk-suedwest.de\/februar-2023\/wp-json\/wp\/v2\/pages\/207","targetHints":{"allow":["GET"]}}],"collection":[{"href":"https:\/\/magazin.ikk-suedwest.de\/februar-2023\/wp-json\/wp\/v2\/pages"}],"about":[{"href":"https:\/\/magazin.ikk-suedwest.de\/februar-2023\/wp-json\/wp\/v2\/types\/page"}],"author":[{"embeddable":true,"href":"https:\/\/magazin.ikk-suedwest.de\/februar-2023\/wp-json\/wp\/v2\/users\/1"}],"replies":[{"embeddable":true,"href":"https:\/\/magazin.ikk-suedwest.de\/februar-2023\/wp-json\/wp\/v2\/comments?post=207"}],"version-history":[{"count":10,"href":"https:\/\/magazin.ikk-suedwest.de\/februar-2023\/wp-json\/wp\/v2\/pages\/207\/revisions"}],"predecessor-version":[{"id":6651,"href":"https:\/\/magazin.ikk-suedwest.de\/februar-2023\/wp-json\/wp\/v2\/pages\/207\/revisions\/6651"}],"wp:attachment":[{"href":"https:\/\/magazin.ikk-suedwest.de\/februar-2023\/wp-json\/wp\/v2\/media?parent=207"}],"curies":[{"name":"wp","href":"https:\/\/api.w.org\/{rel}","templated":true}]}}