{"id":207,"date":"2016-10-12T18:04:37","date_gmt":"2016-10-12T18:04:37","guid":{"rendered":"http:\/\/demo.mekshq.com\/voice\/?page_id=207"},"modified":"2026-02-12T10:08:40","modified_gmt":"2026-02-12T09:08:40","slug":"home","status":"publish","type":"page","link":"https:\/\/magazin.ikk-suedwest.de\/februar-2026\/","title":{"rendered":"IKK Online-Magazin"},"content":{"rendered":"\n<h2 id=\"ausgabe-september-2022\" class=\"wp-block-heading has-text-color\" style=\"color:#009fe3\">Ausgabe Februar 2026<\/h2>\n\n\n\n<div class=\"wp-block-columns is-layout-flex wp-container-core-columns-is-layout-8f761849 wp-block-columns-is-layout-flex\">\n<div class=\"wp-block-column is-layout-flow wp-block-column-is-layout-flow\" style=\"flex-basis:33.33%\">\n<figure class=\"wp-block-image size-full\"><img loading=\"lazy\" decoding=\"async\" width=\"870\" height=\"886\" src=\"https:\/\/magazin.ikk-suedwest.de\/januar-2025\/wp-content\/uploads\/sites\/13\/2024\/09\/ikk_vorstand_editorial_magazine_886x870px.jpg\" alt=\"\" class=\"wp-image-7931\" srcset=\"https:\/\/magazin.ikk-suedwest.de\/februar-2026\/wp-content\/uploads\/sites\/17\/2024\/09\/ikk_vorstand_editorial_magazine_886x870px.jpg 870w, https:\/\/magazin.ikk-suedwest.de\/februar-2026\/wp-content\/uploads\/sites\/17\/2024\/09\/ikk_vorstand_editorial_magazine_886x870px-295x300.jpg 295w, https:\/\/magazin.ikk-suedwest.de\/februar-2026\/wp-content\/uploads\/sites\/17\/2024\/09\/ikk_vorstand_editorial_magazine_886x870px-768x782.jpg 768w, https:\/\/magazin.ikk-suedwest.de\/februar-2026\/wp-content\/uploads\/sites\/17\/2024\/09\/ikk_vorstand_editorial_magazine_886x870px-370x377.jpg 370w, https:\/\/magazin.ikk-suedwest.de\/februar-2026\/wp-content\/uploads\/sites\/17\/2024\/09\/ikk_vorstand_editorial_magazine_886x870px-270x275.jpg 270w, https:\/\/magazin.ikk-suedwest.de\/februar-2026\/wp-content\/uploads\/sites\/17\/2024\/09\/ikk_vorstand_editorial_magazine_886x870px-570x580.jpg 570w, https:\/\/magazin.ikk-suedwest.de\/februar-2026\/wp-content\/uploads\/sites\/17\/2024\/09\/ikk_vorstand_editorial_magazine_886x870px-491x500.jpg 491w, https:\/\/magazin.ikk-suedwest.de\/februar-2026\/wp-content\/uploads\/sites\/17\/2024\/09\/ikk_vorstand_editorial_magazine_886x870px-740x754.jpg 740w\" sizes=\"auto, (max-width: 870px) 100vw, 870px\" \/><\/figure>\n<\/div>\n\n\n\n<div class=\"wp-block-column is-layout-flow wp-block-column-is-layout-flow\" style=\"flex-basis:66.66%\">\n<p class=\"wp-block-paragraph\">Liebe Leserinnen und Leser, <\/p>\n\n\n\n<p class=\"has-gridlove-txt-color has-text-color has-link-color wp-elements-8767d90effe61cfca6f6f0e59b906281 wp-block-paragraph\">ob ePA- oder IKK-Su\u0308dwest-App \u2013 die Digitalisierung des Gesundheitssystems bietet zahlreiche Vorteile. Patienten und Behandler profitieren gleicherma\u00dfen, w\u00e4hrend Effektivit\u00e4t und Vernetzung weiter verbessert werden. In unserem <em><a href=\"\/februar-2026\/digital-gewinnt\/\" target=\"_blank\" rel=\"noreferrer noopener\"><mark style=\"background-color:rgba(0, 0, 0, 0)\" class=\"has-inline-color has-gridlove-acc-color\">Artikel<\/mark><\/a><\/em> berichten Experten und Nutzer von ihren Erfahrungen. Allerdings birgt die Digitalisierung auch Gefahren, wie die stetige Zunahme von <a href=\"https:\/\/magazin.ikk-suedwest.de\/februar-2026\/ich-musste-lernen-mich-selbst-wieder-wertzuschaetzen\/\" target=\"_blank\" rel=\"noreferrer noopener\"><mark style=\"background-color:rgba(0, 0, 0, 0)\" class=\"has-inline-color has-gridlove-acc-color\"><em>Cybermobbing<\/em><\/mark><\/a> in den sozialen Medien zeigt. Ein brandaktuelles Thema, das immer mehr Kinder und Jugendliche betrifft und schwerwiegende Folgen haben kann.<\/p>\n\n\n\n<p class=\"no-ext-link has-gridlove-txt-color has-text-color has-link-color wp-elements-1136abe5fc87518bfb60f2e09f0e4dae wp-block-paragraph\">Mit aktuellen Gesellschaftsthemen setzt sich auch Collien Monica Fernandes immer wieder aktiv auseinander. Im <mark style=\"background-color:rgba(0, 0, 0, 0)\" class=\"has-inline-color has-gridlove-acc-color\"><\/mark><em><a href=\"\/februar-2026\/mit-ungerechtigkeiten-komme-ich-nicht-klar\/\" target=\"_blank\" rel=\"noreferrer noopener\"><mark style=\"background-color:rgba(0, 0, 0, 0)\" class=\"has-inline-color has-gridlove-acc-color\">Interview<\/mark><\/a><\/em> spricht sie u\u0308ber ihr politisches und soziales Engagement und ihre Zukunftspl\u00e4ne.<\/p>\n\n\n\n<p class=\"no-ext-link has-gridlove-txt-color has-text-color has-link-color wp-elements-9b578731a30fa24f326677b3d89f88a2 wp-block-paragraph\">Ein Thema, das uns aber auch im neuen Jahr nicht loslassen wird, sind die Finanzen der Gesetzlichen Krankenversicherung. Obwohl die Bundesregierung sich der prek\u00e4ren Situation bewusst ist, wird eine L\u00f6sung auf die lange Bank geschoben. Das Spielen auf Zeit ist nur schwer nachvollziehbar, insbesondere vor dem Hintergrund des immer weiter zunehmenden Kostendrucks, dem die Kassen seit Jahren ausgesetzt sind. Allein seit 2019 sind die Leistungsausgaben pro Versicherten um fast 28 Prozent gestiegen. Auf den folgenden Seiten blickt unser Verwaltungsrat auf die <a href=\"https:\/\/magazin.ikk-suedwest.de\/februar-2026\/die-lange-bank\/\" target=\"_blank\" rel=\"noreferrer noopener\"><em><mark style=\"background-color:rgba(0, 0, 0, 0)\" class=\"has-inline-color has-gridlove-acc-color\">Ausgabendynamik der GKV<\/mark><\/em><\/a> \u2013 und pr\u00e4sentiert m\u00f6gliche L\u00f6sungsans\u00e4tze.<\/p>\n\n\n\n<p class=\"no-ext-link has-gridlove-txt-color has-text-color has-link-color wp-elements-1ae13e54c14f27803d85c36c8f36fb1f wp-block-paragraph\">Bei allen Herausforderungen und Ver\u00e4nderungen \u2013 auf eine k\u00f6nnen Sie sich verlassen: Ihre IKK Su\u0308dwest. Mit pers\u00f6nlichem Service, wertvollen (Zusatz-)Leistungen und einem attraktiven Beitragssatz verstehen wir uns als Ihr Begleiter auch durch schwierige wirtschaftliche Zeiten.<\/p>\n\n\n\n<p class=\"no-ext-link has-gridlove-txt-color has-text-color has-link-color wp-elements-ae614e312bd61ac98eee1c9d78b22ae2 wp-block-paragraph\">Wir wu\u0308nschen Ihnen eine interessante Lektu\u0308re.<\/p>\n\n\n\n<p class=\"no-ext-link wp-block-paragraph\">Herzlichst,<br>Prof. Dr. J\u00f6rg Loth und Daniel Schilling<\/p>\n<\/div>\n<\/div>\n\n\n\n<p class=\"wp-block-paragraph\"><\/p>\n","protected":false},"excerpt":{"rendered":"<p>Ausgabe Februar 2026 Liebe Leserinnen und Leser, ob ePA- oder IKK-Su\u0308dwest-App \u2013 die Digitalisierung des Gesundheitssystems bietet zahlreiche Vorteile. Patienten und Behandler profitieren gleicherma\u00dfen, w\u00e4hrend Effektivit\u00e4t und Vernetzung weiter verbessert werden. In unserem Artikel berichten Experten und Nutzer von ihren Erfahrungen. Allerdings birgt die Digitalisierung auch Gefahren, wie die stetige Zunahme von Cybermobbing in den [&hellip;]<\/p>\n","protected":false},"author":1,"featured_media":9354,"parent":0,"menu_order":0,"comment_status":"open","ping_status":"open","template":"template-modules.php","meta":{"_acf_changed":false,"_crdt_document":"","favoriteCount":0,"footnotes":""},"class_list":["post-207","page","type-page","status-publish","has-post-thumbnail","hentry"],"acf":[],"yoast_head":"<!-- This site is optimized with the Yoast SEO plugin v27.5 - https:\/\/yoast.com\/product\/yoast-seo-wordpress\/ -->\n<title>IKK Online-Magazin - Februar 2026<\/title>\n<meta name=\"robots\" content=\"noindex, follow, max-snippet:-1, max-image-preview:large, max-video-preview:-1\" \/>\n<meta property=\"og:locale\" content=\"de_DE\" \/>\n<meta property=\"og:type\" content=\"article\" \/>\n<meta property=\"og:title\" content=\"IKK Online-Magazin - Februar 2026\" \/>\n<meta property=\"og:description\" content=\"Ausgabe Februar 2026 Liebe Leserinnen und Leser, ob ePA- oder IKK-Su\u0308dwest-App \u2013 die Digitalisierung des Gesundheitssystems bietet zahlreiche Vorteile. Patienten und Behandler profitieren gleicherma\u00dfen, w\u00e4hrend Effektivit\u00e4t und Vernetzung weiter verbessert werden. In unserem Artikel berichten Experten und Nutzer von ihren Erfahrungen. Allerdings birgt die Digitalisierung auch Gefahren, wie die stetige Zunahme von Cybermobbing in den [&hellip;]\" \/>\n<meta property=\"og:url\" content=\"https:\/\/magazin.ikk-suedwest.de\/februar-2026\/\" \/>\n<meta property=\"og:site_name\" content=\"Februar 2026\" \/>\n<meta property=\"article:modified_time\" content=\"2026-02-12T09:08:40+00:00\" \/>\n<meta property=\"og:image\" content=\"https:\/\/magazin.ikk-suedwest.de\/februar-2026\/wp-content\/uploads\/sites\/17\/2026\/01\/ikk_onlinemagazin_titel_2601_1500x768px_rgb.jpg\" \/>\n\t<meta property=\"og:image:width\" content=\"1500\" \/>\n\t<meta property=\"og:image:height\" content=\"768\" \/>\n\t<meta property=\"og:image:type\" content=\"image\/jpeg\" \/>\n<meta name=\"twitter:card\" content=\"summary_large_image\" \/>\n<meta name=\"twitter:label1\" content=\"Gesch\u00e4tzte Lesezeit\" \/>\n\t<meta name=\"twitter:data1\" content=\"2\u00a0Minuten\" \/>\n<script type=\"application\/ld+json\" class=\"yoast-schema-graph\">{\"@context\":\"https:\\\/\\\/schema.org\",\"@graph\":[{\"@type\":\"WebPage\",\"@id\":\"https:\\\/\\\/magazin.ikk-suedwest.de\\\/februar-2026\\\/\",\"url\":\"https:\\\/\\\/magazin.ikk-suedwest.de\\\/februar-2026\\\/\",\"name\":\"IKK Online-Magazin - Februar 2026\",\"isPartOf\":{\"@id\":\"https:\\\/\\\/magazin.ikk-suedwest.de\\\/september-2025\\\/#website\"},\"primaryImageOfPage\":{\"@id\":\"https:\\\/\\\/magazin.ikk-suedwest.de\\\/februar-2026\\\/#primaryimage\"},\"image\":{\"@id\":\"https:\\\/\\\/magazin.ikk-suedwest.de\\\/februar-2026\\\/#primaryimage\"},\"thumbnailUrl\":\"https:\\\/\\\/magazin.ikk-suedwest.de\\\/februar-2026\\\/wp-content\\\/uploads\\\/sites\\\/17\\\/2026\\\/01\\\/ikk_onlinemagazin_titel_2601_1500x768px_rgb.jpg\",\"datePublished\":\"2016-10-12T18:04:37+00:00\",\"dateModified\":\"2026-02-12T09:08:40+00:00\",\"breadcrumb\":{\"@id\":\"https:\\\/\\\/magazin.ikk-suedwest.de\\\/februar-2026\\\/#breadcrumb\"},\"inLanguage\":\"de\",\"potentialAction\":[{\"@type\":\"ReadAction\",\"target\":[\"https:\\\/\\\/magazin.ikk-suedwest.de\\\/februar-2026\\\/\"]}]},{\"@type\":\"ImageObject\",\"inLanguage\":\"de\",\"@id\":\"https:\\\/\\\/magazin.ikk-suedwest.de\\\/februar-2026\\\/#primaryimage\",\"url\":\"https:\\\/\\\/magazin.ikk-suedwest.de\\\/februar-2026\\\/wp-content\\\/uploads\\\/sites\\\/17\\\/2026\\\/01\\\/ikk_onlinemagazin_titel_2601_1500x768px_rgb.jpg\",\"contentUrl\":\"https:\\\/\\\/magazin.ikk-suedwest.de\\\/februar-2026\\\/wp-content\\\/uploads\\\/sites\\\/17\\\/2026\\\/01\\\/ikk_onlinemagazin_titel_2601_1500x768px_rgb.jpg\",\"width\":1500,\"height\":768},{\"@type\":\"BreadcrumbList\",\"@id\":\"https:\\\/\\\/magazin.ikk-suedwest.de\\\/februar-2026\\\/#breadcrumb\",\"itemListElement\":[{\"@type\":\"ListItem\",\"position\":1,\"name\":\"Startseite\",\"item\":\"https:\\\/\\\/magazin.ikk-suedwest.de\\\/februar-2026\\\/\"},{\"@type\":\"ListItem\",\"position\":2,\"name\":\"IKK Online-Magazin\"}]},{\"@type\":\"WebSite\",\"@id\":\"https:\\\/\\\/magazin.ikk-suedwest.de\\\/september-2025\\\/#website\",\"url\":\"https:\\\/\\\/magazin.ikk-suedwest.de\\\/september-2025\\\/\",\"name\":\"Februar 2026\",\"description\":\"Eine weitere IKK Magazin Ausgaben Website\",\"potentialAction\":[{\"@type\":\"SearchAction\",\"target\":{\"@type\":\"EntryPoint\",\"urlTemplate\":\"https:\\\/\\\/magazin.ikk-suedwest.de\\\/september-2025\\\/?s={search_term_string}\"},\"query-input\":{\"@type\":\"PropertyValueSpecification\",\"valueRequired\":true,\"valueName\":\"search_term_string\"}}],\"inLanguage\":\"de\"}]}<\/script>\n<!-- \/ Yoast SEO plugin. -->","yoast_head_json":{"title":"IKK Online-Magazin - Februar 2026","robots":{"index":"noindex","follow":"follow","max-snippet":"max-snippet:-1","max-image-preview":"max-image-preview:large","max-video-preview":"max-video-preview:-1"},"og_locale":"de_DE","og_type":"article","og_title":"IKK Online-Magazin - Februar 2026","og_description":"Ausgabe Februar 2026 Liebe Leserinnen und Leser, ob ePA- oder IKK-Su\u0308dwest-App \u2013 die Digitalisierung des Gesundheitssystems bietet zahlreiche Vorteile. Patienten und Behandler profitieren gleicherma\u00dfen, w\u00e4hrend Effektivit\u00e4t und Vernetzung weiter verbessert werden. In unserem Artikel berichten Experten und Nutzer von ihren Erfahrungen. Allerdings birgt die Digitalisierung auch Gefahren, wie die stetige Zunahme von Cybermobbing in den [&hellip;]","og_url":"https:\/\/magazin.ikk-suedwest.de\/februar-2026\/","og_site_name":"Februar 2026","article_modified_time":"2026-02-12T09:08:40+00:00","og_image":[{"width":1500,"height":768,"url":"https:\/\/magazin.ikk-suedwest.de\/februar-2026\/wp-content\/uploads\/sites\/17\/2026\/01\/ikk_onlinemagazin_titel_2601_1500x768px_rgb.jpg","type":"image\/jpeg"}],"twitter_card":"summary_large_image","twitter_misc":{"Gesch\u00e4tzte Lesezeit":"2\u00a0Minuten"},"schema":{"@context":"https:\/\/schema.org","@graph":[{"@type":"WebPage","@id":"https:\/\/magazin.ikk-suedwest.de\/februar-2026\/","url":"https:\/\/magazin.ikk-suedwest.de\/februar-2026\/","name":"IKK Online-Magazin - Februar 2026","isPartOf":{"@id":"https:\/\/magazin.ikk-suedwest.de\/september-2025\/#website"},"primaryImageOfPage":{"@id":"https:\/\/magazin.ikk-suedwest.de\/februar-2026\/#primaryimage"},"image":{"@id":"https:\/\/magazin.ikk-suedwest.de\/februar-2026\/#primaryimage"},"thumbnailUrl":"https:\/\/magazin.ikk-suedwest.de\/februar-2026\/wp-content\/uploads\/sites\/17\/2026\/01\/ikk_onlinemagazin_titel_2601_1500x768px_rgb.jpg","datePublished":"2016-10-12T18:04:37+00:00","dateModified":"2026-02-12T09:08:40+00:00","breadcrumb":{"@id":"https:\/\/magazin.ikk-suedwest.de\/februar-2026\/#breadcrumb"},"inLanguage":"de","potentialAction":[{"@type":"ReadAction","target":["https:\/\/magazin.ikk-suedwest.de\/februar-2026\/"]}]},{"@type":"ImageObject","inLanguage":"de","@id":"https:\/\/magazin.ikk-suedwest.de\/februar-2026\/#primaryimage","url":"https:\/\/magazin.ikk-suedwest.de\/februar-2026\/wp-content\/uploads\/sites\/17\/2026\/01\/ikk_onlinemagazin_titel_2601_1500x768px_rgb.jpg","contentUrl":"https:\/\/magazin.ikk-suedwest.de\/februar-2026\/wp-content\/uploads\/sites\/17\/2026\/01\/ikk_onlinemagazin_titel_2601_1500x768px_rgb.jpg","width":1500,"height":768},{"@type":"BreadcrumbList","@id":"https:\/\/magazin.ikk-suedwest.de\/februar-2026\/#breadcrumb","itemListElement":[{"@type":"ListItem","position":1,"name":"Startseite","item":"https:\/\/magazin.ikk-suedwest.de\/februar-2026\/"},{"@type":"ListItem","position":2,"name":"IKK Online-Magazin"}]},{"@type":"WebSite","@id":"https:\/\/magazin.ikk-suedwest.de\/september-2025\/#website","url":"https:\/\/magazin.ikk-suedwest.de\/september-2025\/","name":"Februar 2026","description":"Eine weitere IKK Magazin Ausgaben Website","potentialAction":[{"@type":"SearchAction","target":{"@type":"EntryPoint","urlTemplate":"https:\/\/magazin.ikk-suedwest.de\/september-2025\/?s={search_term_string}"},"query-input":{"@type":"PropertyValueSpecification","valueRequired":true,"valueName":"search_term_string"}}],"inLanguage":"de"}]}},"_links":{"self":[{"href":"https:\/\/magazin.ikk-suedwest.de\/februar-2026\/wp-json\/wp\/v2\/pages\/207","targetHints":{"allow":["GET"]}}],"collection":[{"href":"https:\/\/magazin.ikk-suedwest.de\/februar-2026\/wp-json\/wp\/v2\/pages"}],"about":[{"href":"https:\/\/magazin.ikk-suedwest.de\/februar-2026\/wp-json\/wp\/v2\/types\/page"}],"author":[{"embeddable":true,"href":"https:\/\/magazin.ikk-suedwest.de\/februar-2026\/wp-json\/wp\/v2\/users\/1"}],"replies":[{"embeddable":true,"href":"https:\/\/magazin.ikk-suedwest.de\/februar-2026\/wp-json\/wp\/v2\/comments?post=207"}],"version-history":[{"count":10,"href":"https:\/\/magazin.ikk-suedwest.de\/februar-2026\/wp-json\/wp\/v2\/pages\/207\/revisions"}],"predecessor-version":[{"id":9675,"href":"https:\/\/magazin.ikk-suedwest.de\/februar-2026\/wp-json\/wp\/v2\/pages\/207\/revisions\/9675"}],"wp:featuredmedia":[{"embeddable":true,"href":"https:\/\/magazin.ikk-suedwest.de\/februar-2026\/wp-json\/wp\/v2\/media\/9354"}],"wp:attachment":[{"href":"https:\/\/magazin.ikk-suedwest.de\/februar-2026\/wp-json\/wp\/v2\/media?parent=207"}],"curies":[{"name":"wp","href":"https:\/\/api.w.org\/{rel}","templated":true}]}}